1/5. Let l be (-2)/4*0 - r. Suppose l + 190 = d. Is d a composite number?
False
Let t = -16 - -23. Let w be (-4)/14 - 236/t. Is -2*(-1 - w/(-4)) composite?
False
Let o = -5 + 138. Is o a composite number?
True
Suppose -5*w + 492 = -563. Is w a composite number?
False
Let h(s) = s + 8. Let a be h(-7). Is a/(-5) - (-596)/5 a composite number?
True
Suppose -3 - 2 = -5*k. Let y(w) = 82*w. Is y(k) a prime number?
False
Let s(x) be the first derivative of x**6/180 - x**5/40 - x**4/24 + x**3 - 3. Let h(k) be the third derivative of s(k). Is h(5) prime?
False
Let y = 68 + 3. Is y composite?
False
Let l(r) = r + r**2 - r**3 - r**2 + 2*r**3. Let b be l(0). Suppose b = a - 5 - 14. Is a a prime number?
True
Let u be ((-4)/(-1))/16*4. Suppose -13 = -5*d + 2. Is u*-6*(-19)/d a prime number?
False
Let x be (-14)/(0 - 2) + 1. Suppose k = -k + x. Suppose 2*u - 100 = -k*i + 150, 3*i = u + 200. Is i composite?
True
Let z = -10 - -6. Let v = z - -8. Is (-5487)/(-27) + v/(-18) prime?
False
Let f = -3 + 0. Is 128 - (f/3 + 2) a prime number?
True
Suppose 4*h = 8*h. Suppose -v + 5*w + 226 = h, 0 = 5*v + w - 3*w - 1061. Is v composite?
False
Suppose w + 96 = 1029. Is w a prime number?
False
Let g be 6/(-9) - 4/(-6). Suppose 2*c + 4 = g, -2*y + c = -y - 30. Suppose -r - r + y = 0. Is r prime?
False
Let b be (2/(-5))/((-2)/10). Suppose -5*r + 514 = b*f, 5*r = 5*f - 1167 - 188. Is f composite?
True
Suppose a - 4 = 2. Suppose -4*w + a*w = 74. Is w a prime number?
True
Let z = 3 - 1. Suppose -1156 = z*p - 6*p. Is p a prime number?
False
Let n = 93 - 22. Suppose -r + 0*d - 3*d = -n, 0 = 2*r + 3*d - 148. Is r a prime number?
False
Let r = 19 - 12. Let t = r + -7. Suppose 184 = 4*n - t*n + 2*x, 5*n - 241 = 3*x. Is n a composite number?
False
Let n = 2 + 0. Let f(s) = -66*s + 3. Let v be f(n). Let x = v - -256. Is x prime?
True
Let s be 0/2 - (303 - 7). Let l = -133 - s. Is l composite?
False
Suppose 3*v - 64 = 47. Let o = v - 20. Suppose 3*q + 5*k - 3 + o = 0, -5*q + 4*k + 26 = 0. Is q prime?
True
Let c(a) = 62*a**3 - 3*a**2 - 3*a + 5. Is c(3) a prime number?
False
Suppose 66 = 5*g - 2*g. Suppose -a - g = -89. Is a a prime number?
True
Let b = -29 + 188. Is b composite?
True
Let v(u) = -11*u**3 + 4*u**2 - 8*u + 3. Let l(h) = -12*h**3 + 4*h**2 - 7*h + 3. Let z(f) = -4*l(f) + 3*v(f). Is z(2) composite?
False
Let i = -13 - -13. Let n be 0 - 36/(-2) - 1. Suppose i*q + q - f = 16, 2*f + n = q. Is q a prime number?
False
Let l(x) = x**2 - 4*x - 2. Let v be l(6). Suppose v*i = 5*i + 55. Suppose 0 = -b + 2, 5*m - 22 - i = b. Is m a composite number?
False
Suppose -179 - 345 = -4*u. Is u a prime number?
True
Let b = 590 - 109. Is b a composite number?
True
Suppose 2*t - 1300 = -2*t. Let k = 516 - t. Is k prime?
True
Suppose 0 = -0*l - 2*l + 34. Suppose 189 = 4*o + l. Is o a composite number?
False
Suppose -19 - 24 = -l. Is l a composite number?
False
Let f = -40 + 151. Is f composite?
True
Let r = 2655 + -1370. Is r a prime number?
False
Is (-10023)/(-12) - (-2)/(-8) prime?
False
Is ((-1285)/(-20))/(1/12) prime?
False
Suppose -4*r + 60 = 2*w, 0 = -w + 1 - 3. Let l = r + 63. Is l prime?
True
Is (3 - (2 + 1 + 1))*-3899 a prime number?
False
Is 1658 - -1*(-3 - -2) a composite number?
False
Is (-47826)/(-42) - (46/(-14) - -3) prime?
False
Suppose k - 1876 + 683 = -3*a, a = -2*k + 401. Is a prime?
True
Let h = 200 + -111. Is h composite?
False
Suppose 0 = -2*p + q + 3717, 3*p - 6807 = 5*q - 1228. Is p a prime number?
False
Let q = -6 - -7. Let z be -1 + (1 + -1)/q. Is (z - -5)*74/8 a composite number?
False
Let d = -360 + 593. Is d composite?
False
Suppose 0 = -4*t - 6*z + 2*z + 2008, 4*z - 2505 = -5*t. Is t composite?
True
Let c(i) = -i**2 + i + 194. Is c(0) prime?
False
Suppose 50 + 157 = 3*o. Let n be 3/12 - o/(-12). Suppose b = n*b - 185. Is b a composite number?
False
Is (5/(-2))/(16/(-3104)) a composite number?
True
Let u be 98 + 0/(2 + 0). Suppose -u = -i - i. Let x = i - 34. Is x prime?
False
Let a be 30/(-4)*260/(-15). Let m = 185 - a. Suppose 0 = -5*g + 210 + m. Is g a composite number?
False
Let i = -5 + 10. Is (i + -79)*1/(-2) a composite number?
False
Suppose 3*j - 3*s = 981, -j + 3*j - 5*s - 648 = 0. Is j a composite number?
True
Suppose -5*g + 428 = -1617. Is g composite?
False
Let n(i) = -8*i**2 + 3*i**3 - 2 + 0*i**2 + 2*i - 4*i**3 + 2*i**2. Let m be n(-8). Suppose m = 3*c - 181. Is c prime?
True
Suppose -w + 2035 = 4*w. Is w composite?
True
Let w = 31 - 12. Is w composite?
False
Suppose -2240 = -0*n - 4*n. Suppose 5*s = s + 4*f + n, -5*f = -3*s + 412. Suppose -5*y = -s - 121. Is y a composite number?
False
Suppose -7 = 3*j + 5*d - 23, 4*j - 14 = -3*d. Let a be 506/8 + j/(-8). Let m = 109 - a. Is m prime?
False
Let q(r) = 6*r - 5. Is q(4) a composite number?
False
Let h(d) = 3*d**2 - 5*d - 4. Let f(x) = 16*x**2 - 25*x - 20. Let s(m) = 2*f(m) - 11*h(m). Let v be s(5). Is -50*2*(-1)/v a prime number?
False
Let a(n) = -22*n + 7. Let o be a(-5). Let u = o + -61. Let p = u - -93. Is p a prime number?
True
Suppose 2*z - 3*z + 5 = 0, 3*u - 3*z = 102. Is u a prime number?
False
Suppose 0 = 4*w + 5*z - 8082, w + 4*z + 707 - 2733 = 0. Is w a composite number?
True
Suppose 24556 = 7*r - 3*r. Is r a prime number?
False
Let p = -110 - 65. Let l = -90 - p. Is l composite?
True
Let o(b) = b**3 - 3*b**2 - 5*b + 1. Is o(6) a composite number?
False
Suppose 6*p - 4*p = 6. Let y(v) = 8*v**2 + v - 1. Is y(p) a composite number?
True
Let u(g) = g**3 + 4*g**2 - 11*g - 5. Let c(a) = 2*a + 15. Let d be c(-10). Is u(d) a composite number?
True
Let x = 103 + -57. Suppose 2*b + 0*b = x. Is b prime?
True
Suppose 2*i = -i - 297. Let w = -67 - i. Suppose -5*g + 3 = -w. Is g composite?
False
Suppose 4*l - 12 = -0*l. Let n(h) = -2*h**2 - h**l + 67 + h + 0*h**3 + h**2. Is n(0) prime?
True
Is (-92 - -3)*(1 - 0)*-17 a composite number?
True
Suppose y + 3*t = -12, -y + 2 - 4 = t. Suppose -y*r = 2*r - 3345. Is r a composite number?
True
Let j be ((-89)/(-3))/(4/(-12)). Let s = 174 + j. Is s a composite number?
True
Suppose -5*v + 109 = -4*v. Suppose 5*w + v = t, 4*t = -0*t + 3*w + 470. Is t composite?
True
Suppose 0 = 5*k + 5, -5*k = -4*y - 32 - 3. Let h be 4/(1 + y/14). Suppose h + 12 = p. Is p composite?
True
Let s(l) = l**3 + l**2 - l + 21. Let v be s(0). Suppose 0*y + v = 3*y - 3*u, y - 19 = 4*u. Suppose t - 3*i = -i + 79, 0 = 5*t - y*i - 409. Is t prime?
True
Suppose 2*b = 5*j + 947, -4*b - 3*j = j - 1852. Is b prime?
False
Suppose 5*j + 2 + 3 = 2*d, -2*j - 3*d + 17 = 0. Let w = 7 - j. Let k(b) = b**2 + 4*b + 7. Is k(w) prime?
True
Let w(j) = -10*j + 8*j**2 - 5 - j**3 + j**2 + 4*j. Let z be w(8). Suppose -z = -5*f + 104. Is f composite?
False
Let j(n) = -n - 1. Let y be j(0). Is y/(-2)*(9 - -245) a composite number?
False
Let n = 182 + -277. Is 9 + -7 - 1*n a prime number?
True
Is 4/8 + (-13092)/(-8) + 2 a prime number?
False
Suppose 0 = -6*i - 45 + 2883. Is i prime?
False
Suppose 5*f + s - 1565 = 0, 4*f - 683 = 2*s + 583. Is f prime?
False
Let j = -25 + 46. Suppose -42 = -b + 4*k, -4*b - j = -5*b - 3*k. Let p = b + 7. Is p prime?
True
Is -6 + 1 - 54138/(-21) prime?
False
Let q(f) = -f**2 - 14*f + 6. Let c be q(-14). Is c/4*(-370)/(-15) composite?
False
Let k(t) = -26*t**2 - 2*t - 2. Let b be k(-3). Let v = -127 - b. Is v composite?
False
Let b(t) = -t**3 - 5*t**2 + 6*t + 5. Let a be b(-6). Suppose 0 = x - a*c - 207, 4*x - 5*c - 581 = x. Is x prime?
False
Let l(k) = 2*k**2 - k + 7*k + 3 - k. Let c(r) = 2*r**2 + 4*r + 3. Let v(d) = 5*c(d) - 4*l(d). Is v(4) a composite number?
True
Let l = 1383 + -446. Is l a composite number?
False
Is 5/(-20) + (-4533)/(-4) + 2 prime?
False
Suppose 0 = -25*h + 23*h + 2110. Is h composite?
True
Let z be 2315/(-15) - (-1)/3. Let j = 267 + z. Is j a composite number?
False
Suppose -4 = -w - w, -5*p - 2*w + 2709 = 0. Is p composite?
False
Is (((-14268)/8)/(-3))/(1/2) a composite number?
True
Suppose 3*l = -12 - 0. Is (-14 - l)*22/(-4) prime?
False
Let u(k) = 375*k + 1. Let m be u(2). Suppose -3*a - 1487 = -2*n, -n + 0*n + m = -3*a. Suppose -4*w + 9*w - 917 = 4*j, 2*j + n = 4*w. Is w a prime number?
False
Suppose -3*w = 2*w. Let y = -75 - -72. Is w - -33*y/(-3) composite?
True
Let r(q) = q**3 - 9*q**2 + 8*q + 4. Let c be r(8). Let a(s) = -s**3 + 5*s**2 + s - 1. Is a(c) com